{"id":310,"date":"2019-10-04T10:16:56","date_gmt":"2019-10-04T10:16:56","guid":{"rendered":"https:\/\/bridge259.qodeinteractive.com\/?page_id=310"},"modified":"2025-11-30T22:27:29","modified_gmt":"2025-12-01T01:27:29","slug":"sobre","status":"publish","type":"page","link":"https:\/\/meditai.com.br\/web\/index.php\/sobre\/","title":{"rendered":"Sobre N\u00f3s"},"content":{"rendered":"\t\t<div data-elementor-type=\"wp-page\" data-elementor-id=\"310\" class=\"elementor elementor-310\">\n\t\t\t\t\t\t\t\t\t<section class=\"elementor-section elementor-top-section elementor-element elementor-element-9472df6 elementor-section-full_width elementor-section-height-default elementor-section-height-default parallax_section_no qode_elementor_container_no\" data-id=\"9472df6\" data-element_type=\"section\">\n\t\t\t\t\t\t<div class=\"elementor-container elementor-column-gap-no\">\n\t\t\t\t\t<div class=\"elementor-column elementor-col-50 elementor-top-column elementor-element elementor-element-d528bbf\" data-id=\"d528bbf\" data-element_type=\"column\">\n\t\t\t<div class=\"elementor-widget-wrap elementor-element-populated\">\n\t\t\t\t\t\t\t\t<div class=\"elementor-element elementor-element-7fbb681 elementor-widget elementor-widget-image\" data-id=\"7fbb681\" data-element_type=\"widget\" data-widget_type=\"image.default\">\n\t\t\t\t<div class=\"elementor-widget-container\">\n\t\t\t<style>\/*! elementor - v3.18.0 - 08-12-2023 *\/\n.elementor-widget-image{text-align:center}.elementor-widget-image a{display:inline-block}.elementor-widget-image a img[src$=\".svg\"]{width:48px}.elementor-widget-image img{vertical-align:middle;display:inline-block}<\/style>\t\t\t\t\t\t\t\t\t\t\t\t<img fetchpriority=\"high\" decoding=\"async\" width=\"1000\" height=\"1000\" src=\"https:\/\/meditai.com.br\/web\/wp-content\/uploads\/2025\/11\/Logo-fundo-verde.png\" class=\"attachment-full size-full wp-image-1283\" alt=\"\" srcset=\"https:\/\/meditai.com.br\/web\/wp-content\/uploads\/2025\/11\/Logo-fundo-verde.png 1000w, https:\/\/meditai.com.br\/web\/wp-content\/uploads\/2025\/11\/Logo-fundo-verde-300x300.png 300w, https:\/\/meditai.com.br\/web\/wp-content\/uploads\/2025\/11\/Logo-fundo-verde-150x150.png 150w, https:\/\/meditai.com.br\/web\/wp-content\/uploads\/2025\/11\/Logo-fundo-verde-768x768.png 768w, https:\/\/meditai.com.br\/web\/wp-content\/uploads\/2025\/11\/Logo-fundo-verde-570x570.png 570w, https:\/\/meditai.com.br\/web\/wp-content\/uploads\/2025\/11\/Logo-fundo-verde-500x500.png 500w, https:\/\/meditai.com.br\/web\/wp-content\/uploads\/2025\/11\/Logo-fundo-verde-700x700.png 700w, https:\/\/meditai.com.br\/web\/wp-content\/uploads\/2025\/11\/Logo-fundo-verde-650x650.png 650w\" sizes=\"(max-width: 1000px) 100vw, 1000px\" \/>\t\t\t\t\t\t\t\t\t\t\t\t\t\t\t<\/div>\n\t\t\t\t<\/div>\n\t\t\t\t\t<\/div>\n\t\t<\/div>\n\t\t\t\t<div class=\"elementor-column elementor-col-50 elementor-top-column elementor-element elementor-element-23963911\" data-id=\"23963911\" data-element_type=\"column\">\n\t\t\t<div class=\"elementor-widget-wrap elementor-element-populated\">\n\t\t\t\t\t\t\t\t<div class=\"elementor-element elementor-element-7958300f elementor-widget elementor-widget-text-editor\" data-id=\"7958300f\" data-element_type=\"widget\" data-widget_type=\"text-editor.default\">\n\t\t\t\t<div class=\"elementor-widget-container\">\n\t\t\t<style>\/*! elementor - v3.18.0 - 08-12-2023 *\/\n.elementor-widget-text-editor.elementor-drop-cap-view-stacked .elementor-drop-cap{background-color:#69727d;color:#fff}.elementor-widget-text-editor.elementor-drop-cap-view-framed .elementor-drop-cap{color:#69727d;border:3px solid;background-color:transparent}.elementor-widget-text-editor:not(.elementor-drop-cap-view-default) .elementor-drop-cap{margin-top:8px}.elementor-widget-text-editor:not(.elementor-drop-cap-view-default) .elementor-drop-cap-letter{width:1em;height:1em}.elementor-widget-text-editor .elementor-drop-cap{float:left;text-align:center;line-height:1;font-size:50px}.elementor-widget-text-editor .elementor-drop-cap-letter{display:inline-block}<\/style>\t\t\t\t<p>F\u00c9 QUE PENSA<\/p>\t\t\t\t\t\t<\/div>\n\t\t\t\t<\/div>\n\t\t\t\t<div class=\"elementor-element elementor-element-2f296935 elementor-widget elementor-widget-text-editor\" data-id=\"2f296935\" data-element_type=\"widget\" data-widget_type=\"text-editor.default\">\n\t\t\t\t<div class=\"elementor-widget-container\">\n\t\t\t\t\t\t\t<h1>MEDITAI <\/h1>\t\t\t\t\t\t<\/div>\n\t\t\t\t<\/div>\n\t\t\t\t<div class=\"elementor-element elementor-element-6917f06a elementor-widget elementor-widget-text-editor\" data-id=\"6917f06a\" data-element_type=\"widget\" data-widget_type=\"text-editor.default\">\n\t\t\t\t<div class=\"elementor-widget-container\">\n\t\t\t\t\t\t\t<p>ACREDITAMOS QUE A PROCLAMA\u00c7\u00c3O DA PALAVRA DE DEUS E A REAL COMPREENS\u00c3O DAS ESCRITURAS TRANSFORMAM VIDAS E MUDAM UMA SOCIEDADE.<\/p><p>FAZEMOS PARTE DA IGREJA ESTUFA, QUE EST\u00c1 SENDO PLANTADA EM SANTA CATARINA. NESSA CAMINHADA DE SER IGREJA NOS HUMILDES COME\u00c7OS ESTAMOS VIVENDO TUDO ISSO.<\/p>\t\t\t\t\t\t<\/div>\n\t\t\t\t<\/div>\n\t\t\t\t\t<\/div>\n\t\t<\/div>\n\t\t\t\t\t\t\t<\/div>\n\t\t<\/section>\n\t\t\t\t<section class=\"elementor-section elementor-top-section elementor-element elementor-element-b47799b elementor-section-full_width elementor-section-height-default elementor-section-height-default parallax_section_no qode_elementor_container_no\" data-id=\"b47799b\" data-element_type=\"section\">\n\t\t\t\t\t\t<div class=\"elementor-container elementor-column-gap-no\">\n\t\t\t\t\t<div class=\"elementor-column elementor-col-50 elementor-top-column elementor-element elementor-element-c72cfd5\" data-id=\"c72cfd5\" data-element_type=\"column\">\n\t\t\t<div class=\"elementor-widget-wrap elementor-element-populated\">\n\t\t\t\t\t\t\t\t<div class=\"elementor-element elementor-element-cc7d46b elementor-widget elementor-widget-text-editor\" data-id=\"cc7d46b\" data-element_type=\"widget\" data-widget_type=\"text-editor.default\">\n\t\t\t\t<div class=\"elementor-widget-container\">\n\t\t\t\t\t\t\t<p>RAZ\u00c3O QUE CR\u00ca!<\/p>\t\t\t\t\t\t<\/div>\n\t\t\t\t<\/div>\n\t\t\t\t<div class=\"elementor-element elementor-element-d17009b elementor-widget elementor-widget-text-editor\" data-id=\"d17009b\" data-element_type=\"widget\" data-widget_type=\"text-editor.default\">\n\t\t\t\t<div class=\"elementor-widget-container\">\n\t\t\t\t\t\t\t<h1>SOMOS TRAMPOLINS<\/h1>\t\t\t\t\t\t<\/div>\n\t\t\t\t<\/div>\n\t\t\t\t<div class=\"elementor-element elementor-element-413b6cb elementor-widget elementor-widget-text-editor\" data-id=\"413b6cb\" data-element_type=\"widget\" data-widget_type=\"text-editor.default\">\n\t\t\t\t<div class=\"elementor-widget-container\">\n\t\t\t\t\t\t\t<p>N\u00e3o deixe de falar as palavras deste Livro da Lei e de meditar nelas de dia e de noite, para que voc\u00ea cumpra fielmente tudo o que nele est\u00e1 escrito. S\u00f3 ent\u00e3o os seus caminhos prosperar\u00e3o e voc\u00ea ser\u00e1 bem sucedido. &#8211; Josu\u00e9 1:8<\/p>\t\t\t\t\t\t<\/div>\n\t\t\t\t<\/div>\n\t\t\t\t\t<\/div>\n\t\t<\/div>\n\t\t\t\t<div class=\"elementor-column elementor-col-50 elementor-top-column elementor-element elementor-element-6beba8a\" data-id=\"6beba8a\" data-element_type=\"column\">\n\t\t\t<div class=\"elementor-widget-wrap elementor-element-populated\">\n\t\t\t\t\t\t\t\t<div class=\"elementor-element elementor-element-edea6b9 elementor-widget elementor-widget-image\" data-id=\"edea6b9\" data-element_type=\"widget\" data-widget_type=\"image.default\">\n\t\t\t\t<div class=\"elementor-widget-container\">\n\t\t\t\t\t\t\t\t\t\t\t\t\t\t\t<img decoding=\"async\" width=\"1920\" height=\"1080\" src=\"https:\/\/meditai.com.br\/web\/wp-content\/uploads\/2023\/12\/banner-academy.jpg\" class=\"attachment-full size-full wp-image-964\" alt=\"\" srcset=\"https:\/\/meditai.com.br\/web\/wp-content\/uploads\/2023\/12\/banner-academy.jpg 1920w, https:\/\/meditai.com.br\/web\/wp-content\/uploads\/2023\/12\/banner-academy-300x169.jpg 300w, https:\/\/meditai.com.br\/web\/wp-content\/uploads\/2023\/12\/banner-academy-1024x576.jpg 1024w, https:\/\/meditai.com.br\/web\/wp-content\/uploads\/2023\/12\/banner-academy-768x432.jpg 768w, https:\/\/meditai.com.br\/web\/wp-content\/uploads\/2023\/12\/banner-academy-1536x864.jpg 1536w, https:\/\/meditai.com.br\/web\/wp-content\/uploads\/2023\/12\/banner-academy-700x394.jpg 700w, https:\/\/meditai.com.br\/web\/wp-content\/uploads\/2023\/12\/banner-academy-539x303.jpg 539w\" sizes=\"(max-width: 1920px) 100vw, 1920px\" \/>\t\t\t\t\t\t\t\t\t\t\t\t\t\t\t<\/div>\n\t\t\t\t<\/div>\n\t\t\t\t\t<\/div>\n\t\t<\/div>\n\t\t\t\t\t\t\t<\/div>\n\t\t<\/section>\n\t\t\t\t<section class=\"elementor-section elementor-top-section elementor-element elementor-element-8c7bc72 elementor-section-full_width elementor-section-height-default elementor-section-height-default parallax_section_no qode_elementor_container_no\" data-id=\"8c7bc72\" data-element_type=\"section\">\n\t\t\t\t\t\t<div class=\"elementor-container elementor-column-gap-no\">\n\t\t\t\t\t<div class=\"elementor-column elementor-col-50 elementor-top-column elementor-element elementor-element-178decb\" data-id=\"178decb\" data-element_type=\"column\">\n\t\t\t<div class=\"elementor-widget-wrap elementor-element-populated\">\n\t\t\t\t\t\t\t\t<div class=\"elementor-element elementor-element-e86ffae elementor-widget elementor-widget-image\" data-id=\"e86ffae\" data-element_type=\"widget\" data-widget_type=\"image.default\">\n\t\t\t\t<div class=\"elementor-widget-container\">\n\t\t\t\t\t\t\t\t\t\t\t\t\t\t\t<img decoding=\"async\" width=\"1024\" height=\"1024\" src=\"https:\/\/meditai.com.br\/web\/wp-content\/uploads\/2023\/11\/logo3teste.jpg\" class=\"attachment-full size-full wp-image-915\" alt=\"\" srcset=\"https:\/\/meditai.com.br\/web\/wp-content\/uploads\/2023\/11\/logo3teste.jpg 1024w, https:\/\/meditai.com.br\/web\/wp-content\/uploads\/2023\/11\/logo3teste-300x300.jpg 300w, https:\/\/meditai.com.br\/web\/wp-content\/uploads\/2023\/11\/logo3teste-150x150.jpg 150w, https:\/\/meditai.com.br\/web\/wp-content\/uploads\/2023\/11\/logo3teste-768x768.jpg 768w, https:\/\/meditai.com.br\/web\/wp-content\/uploads\/2023\/11\/logo3teste-570x570.jpg 570w, https:\/\/meditai.com.br\/web\/wp-content\/uploads\/2023\/11\/logo3teste-500x500.jpg 500w, https:\/\/meditai.com.br\/web\/wp-content\/uploads\/2023\/11\/logo3teste-1000x1000.jpg 1000w, https:\/\/meditai.com.br\/web\/wp-content\/uploads\/2023\/11\/logo3teste-700x700.jpg 700w, https:\/\/meditai.com.br\/web\/wp-content\/uploads\/2023\/11\/logo3teste-650x650.jpg 650w\" sizes=\"(max-width: 1024px) 100vw, 1024px\" \/>\t\t\t\t\t\t\t\t\t\t\t\t\t\t\t<\/div>\n\t\t\t\t<\/div>\n\t\t\t\t\t<\/div>\n\t\t<\/div>\n\t\t\t\t<div class=\"elementor-column elementor-col-50 elementor-top-column elementor-element elementor-element-302a199\" data-id=\"302a199\" data-element_type=\"column\">\n\t\t\t<div class=\"elementor-widget-wrap elementor-element-populated\">\n\t\t\t\t\t\t\t\t<div class=\"elementor-element elementor-element-6545357 elementor-widget elementor-widget-text-editor\" data-id=\"6545357\" data-element_type=\"widget\" data-widget_type=\"text-editor.default\">\n\t\t\t\t<div class=\"elementor-widget-container\">\n\t\t\t\t\t\t\t<p>Audio-visual<\/p>\t\t\t\t\t\t<\/div>\n\t\t\t\t<\/div>\n\t\t\t\t<div class=\"elementor-element elementor-element-5b70b81 elementor-widget elementor-widget-text-editor\" data-id=\"5b70b81\" data-element_type=\"widget\" data-widget_type=\"text-editor.default\">\n\t\t\t\t<div class=\"elementor-widget-container\">\n\t\t\t\t\t\t\t<h1>fazer media<\/h1>\t\t\t\t\t\t<\/div>\n\t\t\t\t<\/div>\n\t\t\t\t<div class=\"elementor-element elementor-element-f2081b9 elementor-widget elementor-widget-text-editor\" data-id=\"f2081b9\" data-element_type=\"widget\" data-widget_type=\"text-editor.default\">\n\t\t\t\t<div class=\"elementor-widget-container\">\n\t\t\t\t\t\t\t<p>Cremos que a criatividade faz parte de quem n\u00f3s somos. Criados para Criar. Utilizamos o \u00e1udio visual para glorificar a Deus e proclamar o evangelho.<\/p>\t\t\t\t\t\t<\/div>\n\t\t\t\t<\/div>\n\t\t\t\t<div class=\"elementor-element elementor-element-d78a82f elementor-widget elementor-widget-bridge_button\" data-id=\"d78a82f\" data-element_type=\"widget\" data-widget_type=\"bridge_button.default\">\n\t\t\t\t<div class=\"elementor-widget-container\">\n\t\t\t<a  itemprop=\"url\" href=\"https:\/\/www.youtube.com\/meditai\" target=\"_blank\"  class=\"qbutton  default\" style=\"\">YouTube<\/a>\t\t<\/div>\n\t\t\t\t<\/div>\n\t\t\t\t\t<\/div>\n\t\t<\/div>\n\t\t\t\t\t\t\t<\/div>\n\t\t<\/section>\n\t\t\t\t<section class=\"elementor-section elementor-top-section elementor-element elementor-element-5ac428e elementor-section-full_width elementor-section-height-default elementor-section-height-default parallax_section_no qode_elementor_container_no\" data-id=\"5ac428e\" data-element_type=\"section\">\n\t\t\t\t\t\t<div class=\"elementor-container elementor-column-gap-no\">\n\t\t\t\t\t<div class=\"elementor-column elementor-col-50 elementor-top-column elementor-element elementor-element-96c1b8c\" data-id=\"96c1b8c\" data-element_type=\"column\">\n\t\t\t<div class=\"elementor-widget-wrap elementor-element-populated\">\n\t\t\t\t\t\t\t\t<div class=\"elementor-element elementor-element-9c7570a elementor-widget elementor-widget-text-editor\" data-id=\"9c7570a\" data-element_type=\"widget\" data-widget_type=\"text-editor.default\">\n\t\t\t\t<div class=\"elementor-widget-container\">\n\t\t\t\t\t\t\t<p>SCHOOL<\/p>\t\t\t\t\t\t<\/div>\n\t\t\t\t<\/div>\n\t\t\t\t<div class=\"elementor-element elementor-element-51c634b elementor-widget elementor-widget-text-editor\" data-id=\"51c634b\" data-element_type=\"widget\" data-widget_type=\"text-editor.default\">\n\t\t\t\t<div class=\"elementor-widget-container\">\n\t\t\t\t\t\t\t<h1>Estufa Criativa<\/h1>\t\t\t\t\t\t<\/div>\n\t\t\t\t<\/div>\n\t\t\t\t<div class=\"elementor-element elementor-element-1497edb elementor-widget elementor-widget-text-editor\" data-id=\"1497edb\" data-element_type=\"widget\" data-widget_type=\"text-editor.default\">\n\t\t\t\t<div class=\"elementor-widget-container\">\n\t\t\t\t\t\t\t<p>Um lugar para crescer e expressar.<\/p><p>Estudar e criar! Se encontrar e proclamar.<\/p><p>Contemplar e transformar.<\/p>\t\t\t\t\t\t<\/div>\n\t\t\t\t<\/div>\n\t\t\t\t<div class=\"elementor-element elementor-element-01ed5a8 elementor-widget elementor-widget-bridge_button\" data-id=\"01ed5a8\" data-element_type=\"widget\" data-widget_type=\"bridge_button.default\">\n\t\t\t\t<div class=\"elementor-widget-container\">\n\t\t\t<a  itemprop=\"url\" href=\"\" target=\"_self\"  class=\"qbutton  default\" style=\"\">Em Breve<\/a>\t\t<\/div>\n\t\t\t\t<\/div>\n\t\t\t\t\t<\/div>\n\t\t<\/div>\n\t\t\t\t<div class=\"elementor-column elementor-col-50 elementor-top-column elementor-element elementor-element-989ed91\" data-id=\"989ed91\" data-element_type=\"column\">\n\t\t\t<div class=\"elementor-widget-wrap elementor-element-populated\">\n\t\t\t\t\t\t\t\t<div class=\"elementor-element elementor-element-fea892c elementor-widget elementor-widget-image\" data-id=\"fea892c\" data-element_type=\"widget\" data-widget_type=\"image.default\">\n\t\t\t\t<div class=\"elementor-widget-container\">\n\t\t\t\t\t\t\t\t\t\t\t\t\t\t\t<img loading=\"lazy\" decoding=\"async\" width=\"1024\" height=\"1024\" src=\"https:\/\/meditai.com.br\/web\/wp-content\/uploads\/2023\/11\/logo2teste.jpg\" class=\"attachment-full size-full wp-image-914\" alt=\"\" srcset=\"https:\/\/meditai.com.br\/web\/wp-content\/uploads\/2023\/11\/logo2teste.jpg 1024w, https:\/\/meditai.com.br\/web\/wp-content\/uploads\/2023\/11\/logo2teste-300x300.jpg 300w, https:\/\/meditai.com.br\/web\/wp-content\/uploads\/2023\/11\/logo2teste-150x150.jpg 150w, https:\/\/meditai.com.br\/web\/wp-content\/uploads\/2023\/11\/logo2teste-768x768.jpg 768w, https:\/\/meditai.com.br\/web\/wp-content\/uploads\/2023\/11\/logo2teste-570x570.jpg 570w, https:\/\/meditai.com.br\/web\/wp-content\/uploads\/2023\/11\/logo2teste-500x500.jpg 500w, https:\/\/meditai.com.br\/web\/wp-content\/uploads\/2023\/11\/logo2teste-1000x1000.jpg 1000w, https:\/\/meditai.com.br\/web\/wp-content\/uploads\/2023\/11\/logo2teste-700x700.jpg 700w, https:\/\/meditai.com.br\/web\/wp-content\/uploads\/2023\/11\/logo2teste-650x650.jpg 650w\" sizes=\"(max-width: 1024px) 100vw, 1024px\" \/>\t\t\t\t\t\t\t\t\t\t\t\t\t\t\t<\/div>\n\t\t\t\t<\/div>\n\t\t\t\t\t<\/div>\n\t\t<\/div>\n\t\t\t\t\t\t\t<\/div>\n\t\t<\/section>\n\t\t\t\t\t\t\t<\/div>\n\t\t","protected":false},"excerpt":{"rendered":"<p>F\u00c9 QUE PENSA MEDITAI ACREDITAMOS QUE A PROCLAMA\u00c7\u00c3O DA PALAVRA DE DEUS E A REAL COMPREENS\u00c3O DAS ESCRITURAS TRANSFORMAM VIDAS E MUDAM UMA SOCIEDADE. FAZEMOS PARTE DA IGREJA ESTUFA, QUE EST\u00c1 SENDO PLANTADA EM SANTA CATARINA. NESSA CAMINHADA DE SER IGREJA NOS HUMILDES COME\u00c7OS ESTAMOS&#8230;<\/p>\n","protected":false},"author":1,"featured_media":964,"parent":0,"menu_order":0,"comment_status":"closed","ping_status":"closed","template":"full_width.php","meta":{"_monsterinsights_skip_tracking":false,"_monsterinsights_sitenote_active":false,"_monsterinsights_sitenote_note":"","_monsterinsights_sitenote_category":0,"footnotes":""},"class_list":["post-310","page","type-page","status-publish","has-post-thumbnail","hentry"],"aioseo_notices":[],"_links":{"self":[{"href":"https:\/\/meditai.com.br\/web\/index.php\/wp-json\/wp\/v2\/pages\/310","targetHints":{"allow":["GET"]}}],"collection":[{"href":"https:\/\/meditai.com.br\/web\/index.php\/wp-json\/wp\/v2\/pages"}],"about":[{"href":"https:\/\/meditai.com.br\/web\/index.php\/wp-json\/wp\/v2\/types\/page"}],"author":[{"embeddable":true,"href":"https:\/\/meditai.com.br\/web\/index.php\/wp-json\/wp\/v2\/users\/1"}],"replies":[{"embeddable":true,"href":"https:\/\/meditai.com.br\/web\/index.php\/wp-json\/wp\/v2\/comments?post=310"}],"version-history":[{"count":18,"href":"https:\/\/meditai.com.br\/web\/index.php\/wp-json\/wp\/v2\/pages\/310\/revisions"}],"predecessor-version":[{"id":1286,"href":"https:\/\/meditai.com.br\/web\/index.php\/wp-json\/wp\/v2\/pages\/310\/revisions\/1286"}],"wp:featuredmedia":[{"embeddable":true,"href":"https:\/\/meditai.com.br\/web\/index.php\/wp-json\/wp\/v2\/media\/964"}],"wp:attachment":[{"href":"https:\/\/meditai.com.br\/web\/index.php\/wp-json\/wp\/v2\/media?parent=310"}],"curies":[{"name":"wp","href":"https:\/\/api.w.org\/{rel}","templated":true}]}}